{"id":216,"date":"2026-01-31T22:14:03","date_gmt":"2026-01-31T21:14:03","guid":{"rendered":"https:\/\/niepokalana.pl\/?page_id=216"},"modified":"2026-02-13T08:37:05","modified_gmt":"2026-02-13T07:37:05","slug":"elementor-216","status":"publish","type":"page","link":"https:\/\/niepokalana.pl\/","title":{"rendered":"Elementor #216"},"content":{"rendered":"\t\t<div data-elementor-type=\"wp-page\" data-elementor-id=\"216\" class=\"elementor elementor-216\">\n\t\t\t\t<div class=\"elementor-element elementor-element-5783f6d e-flex e-con-boxed e-con e-parent\" data-id=\"5783f6d\" data-element_type=\"container\">\n\t\t\t\t\t<div class=\"e-con-inner\">\n\t\t\t\t<div class=\"elementor-element elementor-element-043b94b elementor-widget elementor-widget-spacer\" data-id=\"043b94b\" data-element_type=\"widget\" data-widget_type=\"spacer.default\">\n\t\t\t\t\t\t\t<div class=\"elementor-spacer\">\n\t\t\t<div class=\"elementor-spacer-inner\"><\/div>\n\t\t<\/div>\n\t\t\t\t\t\t<\/div>\n\t\t\t\t\t<\/div>\n\t\t\t\t<\/div>\n\t\t<div class=\"elementor-element elementor-element-eafcaba e-flex e-con-boxed e-con e-parent\" data-id=\"eafcaba\" data-element_type=\"container\">\n\t\t\t\t\t<div class=\"e-con-inner\">\n\t\t<div class=\"elementor-element elementor-element-237e378 e-con-full e-flex e-con e-child\" data-id=\"237e378\" data-element_type=\"container\">\n\t\t\t\t<div class=\"elementor-element elementor-element-fbb6fac elementor-widget elementor-widget-heading\" data-id=\"fbb6fac\" data-element_type=\"widget\" data-widget_type=\"heading.default\">\n\t\t\t\t\t<h2 class=\"elementor-heading-title elementor-size-default\">Strona w Budowie!\n<\/h2>\t\t\t\t<\/div>\n\t\t\t\t<\/div>\n\t\t<div class=\"elementor-element elementor-element-4470007 e-con-full e-flex e-con e-child\" data-id=\"4470007\" data-element_type=\"container\">\n\t\t\t\t<\/div>\n\t\t<div class=\"elementor-element elementor-element-4a53e8a e-con-full e-flex e-con e-child\" data-id=\"4a53e8a\" data-element_type=\"container\">\n\t\t\t\t<div class=\"elementor-element elementor-element-2cbba20 elementor-widget elementor-widget-text-editor\" data-id=\"2cbba20\" data-element_type=\"widget\" data-widget_type=\"text-editor.default\">\n\t\t\t\t\t\t\t\t\t<div id=\"sp-p7ef8k\" class=\"sp-css-target sp-text-wrapper sp-el-block sp-text-wrapper-p7ef8k\" style=\"--tw-border-spacing-x: 0; --tw-border-spacing-y: 0; --tw-translate-x: 0; --tw-translate-y: 0; --tw-rotate: 0; --tw-skew-x: 0; --tw-skew-y: 0; --tw-scale-x: 1; --tw-scale-y: 1; --tw-scroll-snap-strictness: proximity; --tw-ring-offset-width: 0; --tw-ring-offset-color: #fff; --tw-ring-color: rgb(59 130 246 \/ .5); --tw-ring-offset-shadow: 0 0 #0000; --tw-ring-shadow: 0 0 #0000; --tw-shadow: 0 0 #0000; --tw-shadow-colored: 0 0 #0000; padding: 10px; font-size: 18px; margin: 0px; border: 0px solid #e5e7eb;\"><p style=\"--tw-border-spacing-x: 0; --tw-border-spacing-y: 0; --tw-translate-x: 0; --tw-translate-y: 0; --tw-rotate: 0; --tw-skew-x: 0; --tw-skew-y: 0; --tw-scale-x: 1; --tw-scale-y: 1; --tw-scroll-snap-strictness: proximity; --tw-ring-offset-width: 0; --tw-ring-offset-color: #fff; --tw-ring-color: rgb(59 130 246 \/ .5); --tw-ring-offset-shadow: 0 0 #0000; --tw-ring-shadow: 0 0 #0000; --tw-shadow: 0 0 #0000; --tw-shadow-colored: 0 0 #0000; margin: 0px; border: 0px solid #e5e7eb;\">Prace nad sron\u0105 trwaj\u0105 . B\u0119dziemy niebawem.\u00a0<\/p><div>\u00a0<\/div><\/div>\t\t\t\t\t\t\t\t<\/div>\n\t\t\t\t<div class=\"elementor-element elementor-element-6ce91e5 elementor-widget elementor-widget-text-editor\" data-id=\"6ce91e5\" data-element_type=\"widget\" data-widget_type=\"text-editor.default\">\n\t\t\t\t\t\t\t\t\t<p><span style=\"font-size: medium;\">\u201eStrona w budowie, ale duchowe \u015bwiat\u0142o ju\u017c tu jest.<\/span><br style=\"--tw-border-spacing-x: 0; --tw-border-spacing-y: 0; --tw-translate-x: 0; --tw-translate-y: 0; --tw-rotate: 0; --tw-skew-x: 0; --tw-skew-y: 0; --tw-scale-x: 1; --tw-scale-y: 1; --tw-scroll-snap-strictness: proximity; --tw-ring-offset-width: 0; --tw-ring-offset-color: #fff; --tw-ring-color: rgb(59 130 246 \/ .5); --tw-ring-offset-shadow: 0 0 #0000; --tw-ring-shadow: 0 0 #0000; --tw-shadow: 0 0 #0000; --tw-shadow-colored: 0 0 #0000; font-size: medium; border: 0px solid #e5e7eb;\" data-start=\"649\" data-end=\"652\" \/><span style=\"font-size: medium;\">Wkr\u00f3tce zaprosimy Ci\u0119 do miejsca inspiracji, modlitwy i refleksji.\u201d<\/span><\/p>\t\t\t\t\t\t\t\t<\/div>\n\t\t\t\t<\/div>\n\t\t<div class=\"elementor-element elementor-element-c0b5536 e-con-full e-flex e-con e-child\" data-id=\"c0b5536\" data-element_type=\"container\">\n\t\t\t\t<\/div>\n\t\t\t\t\t<\/div>\n\t\t\t\t<\/div>\n\t\t<div class=\"elementor-element elementor-element-5ee0584 e-flex e-con-boxed e-con e-parent\" data-id=\"5ee0584\" data-element_type=\"container\">\n\t\t\t\t\t<div class=\"e-con-inner\">\n\t\t<div class=\"elementor-element elementor-element-de96f60 e-con-full e-flex e-con e-child\" data-id=\"de96f60\" data-element_type=\"container\">\n\t\t\t\t<div class=\"elementor-element elementor-element-f5b1857 elementor-widget elementor-widget-text-editor\" data-id=\"f5b1857\" data-element_type=\"widget\" data-widget_type=\"text-editor.default\">\n\t\t\t\t\t\t\t\t\t<p><a href=\"#\">Mo\u017cesz wesprze\u0107 rozw\u00f3j niepokalana.pl<\/a><\/p>\t\t\t\t\t\t\t\t<\/div>\n\t\t\t\t<\/div>\n\t\t<div class=\"elementor-element elementor-element-f3268b1 e-con-full e-flex e-con e-child\" data-id=\"f3268b1\" data-element_type=\"container\">\n\t\t\t\t<\/div>\n\t\t\t\t\t<\/div>\n\t\t\t\t<\/div>\n\t\t\t\t<\/div>\n\t\t","protected":false},"excerpt":{"rendered":"<p>Strona w Budowie! Prace nad sron\u0105 trwaj\u0105 . B\u0119dziemy niebawem.\u00a0 \u00a0 \u201eStrona w budowie, ale duchowe \u015bwiat\u0142o ju\u017c tu jest.Wkr\u00f3tce zaprosimy Ci\u0119 do miejsca inspiracji, modlitwy i refleksji.\u201d Mo\u017cesz wesprze\u0107 rozw\u00f3j niepokalana.pl<\/p>\n","protected":false},"author":1,"featured_media":0,"parent":0,"menu_order":0,"comment_status":"closed","ping_status":"closed","template":"elementor_canvas","meta":{"footnotes":""},"class_list":["post-216","page","type-page","status-publish","hentry"],"_links":{"self":[{"href":"https:\/\/niepokalana.pl\/index.php?rest_route=\/wp\/v2\/pages\/216","targetHints":{"allow":["GET"]}}],"collection":[{"href":"https:\/\/niepokalana.pl\/index.php?rest_route=\/wp\/v2\/pages"}],"about":[{"href":"https:\/\/niepokalana.pl\/index.php?rest_route=\/wp\/v2\/types\/page"}],"author":[{"embeddable":true,"href":"https:\/\/niepokalana.pl\/index.php?rest_route=\/wp\/v2\/users\/1"}],"replies":[{"embeddable":true,"href":"https:\/\/niepokalana.pl\/index.php?rest_route=%2Fwp%2Fv2%2Fcomments&post=216"}],"version-history":[{"count":44,"href":"https:\/\/niepokalana.pl\/index.php?rest_route=\/wp\/v2\/pages\/216\/revisions"}],"predecessor-version":[{"id":277,"href":"https:\/\/niepokalana.pl\/index.php?rest_route=\/wp\/v2\/pages\/216\/revisions\/277"}],"wp:attachment":[{"href":"https:\/\/niepokalana.pl\/index.php?rest_route=%2Fwp%2Fv2%2Fmedia&parent=216"}],"curies":[{"name":"wp","href":"https:\/\/api.w.org\/{rel}","templated":true}]}}